*t + 156. Let a(o) = -3*i(o) - p(o). Let m be a(7). Calculate the greatest common divisor of 316 and m.
79
Suppose 20*h - 1110 = 8450. Let q = -333 + h. Calculate the highest common divisor of q and 58.
29
Suppose 3*g - c - 1019 = 0, -g - c = -218 - 123. What is the greatest common factor of 476 and g?
68
Let v be (1455/(-25))/((-76)/760). Calculate the greatest common factor of 48 and v.
6
Suppose 5*x + 4*v = 29 + 11, 5*x - 15 = v. Calculate the greatest common divisor of 332 and x.
4
Suppose -r + 55 = -0*r - 5*u, -5*u = 10. Let l be (2 - -10)*3/2. Calculate the highest common factor of l and r.
9
Let p(x) = 21*x - 3. Let y be p(1). Let l be (9/(-9))/(2 + y/(-10)). Let k be l/((-12)/8 + 1). What is the greatest common divisor of k and 2?
2
Let c be ((-1)/1)/1*-13. Let b be (3*(-1)/3)/((-10)/130). Let m be (8*b/(-2))/(-2). What is the greatest common divisor of c and m?
13
Let l be 5/(25/(-20)) - -38. Suppose l*v + 294 = 40*v. Let p(c) = -c**2 - 6*c - 2. Let m be p(-3). Calculate the highest common factor of v and m.
7
Suppose -5*l + 99 = 3*n, 79*n - 51 = -3*l + 73*n. Let x = 8 + -2. Let u = x + -5. What is the highest common factor of u and l?
1
Suppose 4*c + 12*x = 13*x - 551, 0 = 3*c - 2*x + 417. Let m = -120 - c. What is the greatest common divisor of 153 and m?
17
Let s = -28 - -60. Suppose x - 3 = 0, 201*u - 643 = 197*u - x. What is the greatest common divisor of s and u?
32
Let m = -134 + 138. Suppose -4*a + 140 = a - 5*d, 3*a + m*d = 63. Calculate the highest common divisor of a and 25.
25
Suppose -10*q - 12 + 42 = 0. Suppose -v + 0*v - 5 = -q*o, 3*o = 2*v + 4. Suppose -o*u + 533 = -105. Calculate the greatest common factor of 29 and u.
29
Suppose 17*j = 22*j + 5*a - 20, 0 = 5*j - a - 8. Suppose -5*s - 5*h + j*h = -2015, 3*h = -15. Calculate the greatest common divisor of 14 and s.
14
Suppose -54*i + 104 = -58. Calculate the greatest common divisor of i and 100.
1
Suppose 8*y = -44*y + 2667 + 4093. What is the greatest common factor of 1456 and y?
26
Suppose 31*a = -5*x + 32*a + 24723, -24735 = -5*x - 5*a. Calculate the highest common divisor of 460 and x.
115
Let f = 69 + -29. Let y be (1 - (1 - 24))/2. Let k = 22 - y. Calculate the greatest common divisor of k and f.
10
Suppose -55*b + 50 = -50*b. Let f(y) = -4*y**2 + 39*y + 19. Let i be f(b). What is the greatest common factor of 333 and i?
9
Let y = -72 + 75. Suppose -y*p - 40 - 77 = 0. Let z = -3 - p. Calculate the greatest common divisor of z and 90.
18
Let q be 16 + 96/(-12) + (-12094)/(-2). Calculate the greatest common factor of 70 and q.
35
Let z(l) = 1412*l**3 + 6*l**2 - 17*l + 12. Let i be z(1). What is the highest common factor of 2512 and i?
157
Suppose -4*j + 25 = -4*n + 5, -5*j = 4*n - 7. What is the highest common factor of 1815 and j?
3
Let v be (-72)/(((-3)/(-9))/(-1))*(-286)/(-429). Calculate the greatest common divisor of 1368 and v.
72
Let f(i) = -58*i - 274. Let y be f(-5). What is the greatest common divisor of 328 and y?
8
Suppose -2*f - 79 + 89 = 0. Suppose -5*i = f*h - 90, 4*h = 4*i - 2*i - 12. Calculate the greatest common factor of i and 35.
7
Suppose 0 = 5*u + 3*c - 81, 10*c - 123 = -5*u - 28. Calculate the highest common divisor of u and 6105.
15
Let u(m) = 171*m**2 - m. Let j be (2/3)/((-4)/6). Let h be u(j). Let k = 110 - 67. Calculate the greatest common factor of k and h.
43
Let y(a) be the third derivative of 239*a**4/8 + 5*a**3/2 - 285*a**2. Let t be y(1). Calculate the greatest common divisor of 12 and t.
12
Suppose 4*z - z = 0, -3708 = -3*m - 3*z. Calculate the highest common factor of m and 60.
12
Let p = -34 + 37. Suppose -5*r - 4*h = -8*h - 56, 4*r - 45 = p*h. Let s be (-18)/(2*9/(-24)). Calculate the highest common divisor of s and r.
12
Suppose 3*c - 323 - 381 = 5*k, -452 = -2*c - k. Suppose 23*j - c = 19*j. Let h = 47 + -9. Calculate the greatest common factor of j and h.
19
Let f = 23804 - 18874. What is the highest common divisor of f and 136?
34
Let u(p) = p + 7. Let c be u(-5). Suppose -l = 3*f - 273, 0 = -c*f + 4*f + l - 182. Calculate the greatest common factor of 14 and f.
7
Suppose -284 - 620 = -2*z - 4*r, 0 = 3*r - 7*r. Calculate the highest common factor of z and 40.
4
Let v be -4*19/(-12)*(18 - 0). Calculate the greatest common factor of v and 522.
6
Let h = 12580 - 2210. Calculate the greatest common divisor of h and 20.
10
Suppose o = -26*h + 23*h + 2081, 2*o - h - 4148 = 0. Calculate the greatest common factor of 50 and o.
25
Let c = 10948 + 12324. What is the greatest common divisor of c and 8?
8
Let f = 11 - -1. Let l(v) = -13*v - 204. Let c be l(-16). Calculate the greatest common divisor of f and c.
4
Let n = 4969 - 4707. What is the greatest common factor of 13231 and n?
131
Let k(h) = -h + 25. Let w = 81 + -96. Let g be k(w). Suppose 0 = -16*t + 697 + 103. What is the greatest common divisor of t and g?
10
Let g be 1*(4 + 9 + -5). Suppose g*p - 37 = 379. Calculate the greatest common divisor of 4 and p.
4
Let m(w) = w**2 - 6*w - 5. Let y be m(7). Let j be ((-117)/(-26))/(1/y). Suppose j*c - 130 = -22. Calculate the greatest common divisor of c and 4.
4
Suppose 2*n + n = -3*z + 6, 4*z + 3*n - 10 = 0. Suppose z*k + 62 = 2*f, 48 = 2*f + 12*k - 9*k. What is the greatest common divisor of f and 513?
27
Let w be (-7)/(73/(-11) - 20/55). What is the greatest common divisor of 392 and w?
1
Suppose -4*y - 50 = -h - 9*y, 5*y = 5. Calculate the highest common factor of 70 and h.
5
Suppose -5*a + 6 = i, -5*a = -0*i - i - 44. Let r(m) = -2*m - 15. Let j be r(i). What is the highest common divisor of 207 and j?
23
Let m(q) = -q**3 + 6*q**2 + 31*q - 28. Let i be m(9). Calculate the highest common factor of 308 and i.
4
Let x be 177/590 - (-27)/10. Let f(a) = 2*a**3 + 5*a**2 - 5*a - 4. Let i be f(x). Calculate the greatest common factor of 64 and i.
16
Let n be (-14)/21*-48 - -7. Suppose 34*b = n*b - 1120. Let k(q) = -33*q**3 - 1. Let t be k(-1). What is the highest common factor of t and b?
32
Suppose -52470 = 74*t - 92*t. Calculate the greatest common factor of 55 and t.
55
Let h be (550/(-40))/((-1)/(-4)). Let c = h + 83. Let q be (-378)/(-5)*(-30)/(-9). What is the highest common divisor of q and c?
28
Let p = 24 - 23. Let z be -2 - (1 + -334 + p). Suppose -3*x = -6*n + 3*n + 90, 3*n - 2*x - 90 = 0. What is the greatest common factor of n and z?
30
Let v(w) = 10*w + 55. Let q be v(-5). Let g(p) = 2*p**2 - 10*p + 26. Let n be g(q). What is the greatest common factor of n and 234?
26
Let s be 51/(((-15405)/7336)/15 + 2/14). What is the greatest common divisor of s and 408?
136
Suppose -3219 + 1419 = -4*l. What is the greatest common divisor of l and 1320?
30
Let s(q) be the third derivative of -q**4/8 - 9*q**3/2 - 107*q**2. Let a be s(-19). What is the greatest common divisor of a and 12?
6
Let c = 34 - 180. Let b be 1/(c/(-48) - 3). Suppose -4*x + 44 = y, -439*x + 440*x = -2*y + 67. Calculate the highest common divisor of b and y.
8
Suppose 1044*u = 1109*u - 260. Calculate the highest common factor of u and 797.
1
Let v = 184 + 306. Let b be 34/(-153) - v/(-18). Calculate the highest common divisor of 243 and b.
27
Let h be 3 + 26 - (19 - 20). What is the greatest common divisor of 447 and h?
3
Let a(d) = -10*d**2 + 21*d - 19. Let q be a(7). Let p = q - -838. What is the highest common divisor of 68 and p?
68
Let o = -6 - -8. Suppose -4*s + o*s - 3*q + 52 = 0, 4*q + 64 = 4*s. Let u = -2742 + 2882. Calculate the highest common divisor of s and u.
20
Suppose 0 = -2*p - 46 + 2. Let c = p - -41. Let y(d) = -8*d**3 + 347*d**2 - 126*d + 23. Let z be y(43). Calculate the highest common factor of c and z.
19
Let d(b) = -b**3 + 12*b**2 + 11*b + 26. Let y be d(14). Let a = 94 - y. Calculate the greatest common factor of 34 and a.
34
Suppose 3*a = 3*u - 24, 0*u - 3*a - 36 = -5*u. Let g = -6 - -9. Suppose -3 = p - 0*p + 2*y, g*p + 5*y = -u. Calculate the highest common factor of p and 6.
3
Suppose -10*t + 7*t = -1497. Suppose 0 = -31*j - 3 + t. What is the highest common divisor of j and 272?
16
Suppose -361*d + 5975470 + 2161470 = 0. Calculate the highest common divisor of 690 and d.
230
Let o be 3 - ((-770)/6 - (-2)/(-3)). Suppose -25*x + 23*x + 176 = 0. Calculate the greatest common factor of o and x.
44
Suppose -30*n = -32*n + 180. Let y